{"id":4187,"date":"2025-02-28T13:39:45","date_gmt":"2025-02-28T11:39:45","guid":{"rendered":"https:\/\/osterspiele.it\/sterzing\/?page_id=4187"},"modified":"2025-04-06T20:31:28","modified_gmt":"2025-04-06T18:31:28","slug":"impressum","status":"publish","type":"page","link":"https:\/\/osterspiele.it\/sterzing\/impressum\/","title":{"rendered":"Impressum"},"content":{"rendered":"\t\t<div data-elementor-type=\"wp-page\" data-elementor-id=\"4187\" class=\"elementor elementor-4187\" data-elementor-post-type=\"page\">\n\t\t\t\t<div class=\"elementor-element elementor-element-25a8cae7 e-flex e-con-boxed e-con e-parent\" data-id=\"25a8cae7\" data-element_type=\"container\" data-e-type=\"container\">\n\t\t\t\t\t<div class=\"e-con-inner\">\n\t\t<div class=\"elementor-element elementor-element-1163c694 e-con-full e-flex e-con e-child\" data-id=\"1163c694\" data-element_type=\"container\" data-e-type=\"container\">\n\t\t\t\t<div class=\"elementor-element elementor-element-37455a3 elementor-invisible elementor-widget elementor-widget-heading\" data-id=\"37455a3\" data-element_type=\"widget\" data-e-type=\"widget\" data-settings=\"{&quot;_animation&quot;:&quot;fadeIn&quot;}\" data-widget_type=\"heading.default\">\n\t\t\t\t<div class=\"elementor-widget-container\">\n\t\t\t\t\t<h1 class=\"elementor-heading-title elementor-size-default\">Impressum<\/h1>\t\t\t\t<\/div>\n\t\t\t\t<\/div>\n\t\t\t\t<div class=\"elementor-element elementor-element-3b43db54 elementor-invisible elementor-widget elementor-widget-heading\" data-id=\"3b43db54\" data-element_type=\"widget\" data-e-type=\"widget\" data-settings=\"{&quot;_animation&quot;:&quot;fadeIn&quot;,&quot;_animation_delay&quot;:400}\" data-widget_type=\"heading.default\">\n\t\t\t\t<div class=\"elementor-widget-container\">\n\t\t\t\t\t<h2 class=\"elementor-heading-title elementor-size-default\">Impressum &amp; Privacy<\/h2>\t\t\t\t<\/div>\n\t\t\t\t<\/div>\n\t\t\t\t<\/div>\n\t\t\t\t\t<\/div>\n\t\t\t\t<\/div>\n\t\t<div class=\"elementor-element elementor-element-190f0d8e e-flex e-con-boxed e-con e-parent\" data-id=\"190f0d8e\" data-element_type=\"container\" data-e-type=\"container\">\n\t\t\t\t\t<div class=\"e-con-inner\">\n\t\t<div class=\"elementor-element elementor-element-292de1f e-con-full e-flex e-con e-child\" data-id=\"292de1f\" data-element_type=\"container\" data-e-type=\"container\">\n\t\t\t\t<div class=\"elementor-element elementor-element-37779141 elementor-cta--layout-image-right elementor-cta--valign-middle elementor-cta--mobile-layout-image-above elementor-widget__width-initial elementor-widget-tablet__width-inherit elementor-cta--skin-classic elementor-animated-content elementor-bg-transform elementor-bg-transform-zoom-in elementor-widget elementor-widget-call-to-action\" data-id=\"37779141\" data-element_type=\"widget\" data-e-type=\"widget\" data-widget_type=\"call-to-action.default\">\n\t\t\t\t<div class=\"elementor-widget-container\">\n\t\t\t\t\t\t\t<div class=\"elementor-cta\">\n\t\t\t\t\t\t\t<div class=\"elementor-cta__content\">\n\t\t\t\t\n\t\t\t\t\t\t\t\t\t<div class=\"elementor-cta__title elementor-cta__content-item elementor-content-item\">\n\t\t\t\t\t\tVerwantwortlich\t\t\t\t\t<\/div>\n\t\t\t\t\n\t\t\t\t\t\t\t\t\t<div class=\"elementor-cta__description elementor-cta__content-item elementor-content-item\">\n\t\t\t\t\t\tVigil Raber Kuratorium<br>\nI-39049 Sterzing (BZ)<br><br>\n\nEmail: info@osterspiele.it<br>\nInfo-Tel.: 0472 765 325<br>\nSteuernummer: 92043920211\t\t\t\t\t<\/div>\n\t\t\t\t\n\t\t\t\t\t\t\t<\/div>\n\t\t\t\t\t\t<\/div>\n\t\t\t\t\t\t<\/div>\n\t\t\t\t<\/div>\n\t\t\t\t<\/div>\n\t\t<div class=\"elementor-element elementor-element-5182830 e-con-full e-flex e-con e-child\" data-id=\"5182830\" data-element_type=\"container\" data-e-type=\"container\">\n\t\t\t\t<div class=\"elementor-element elementor-element-c7a6179 elementor-widget elementor-widget-image\" data-id=\"c7a6179\" data-element_type=\"widget\" data-e-type=\"widget\" data-widget_type=\"image.default\">\n\t\t\t\t<div class=\"elementor-widget-container\">\n\t\t\t\t\t\t\t\t\t\t\t\t\t\t\t<img fetchpriority=\"high\" decoding=\"async\" width=\"800\" height=\"395\" src=\"https:\/\/osterspiele.it\/sterzing\/wp-content\/uploads\/2025\/03\/vigil-raber-kuratorium-color-1024x505.png\" class=\"attachment-large size-large wp-image-4614\" alt=\"\" srcset=\"https:\/\/osterspiele.it\/sterzing\/wp-content\/uploads\/2025\/03\/vigil-raber-kuratorium-color-1024x505.png 1024w, https:\/\/osterspiele.it\/sterzing\/wp-content\/uploads\/2025\/03\/vigil-raber-kuratorium-color-300x148.png 300w, https:\/\/osterspiele.it\/sterzing\/wp-content\/uploads\/2025\/03\/vigil-raber-kuratorium-color-768x379.png 768w, https:\/\/osterspiele.it\/sterzing\/wp-content\/uploads\/2025\/03\/vigil-raber-kuratorium-color-200x99.png 200w, https:\/\/osterspiele.it\/sterzing\/wp-content\/uploads\/2025\/03\/vigil-raber-kuratorium-color.png 1181w\" sizes=\"(max-width: 800px) 100vw, 800px\" \/>\t\t\t\t\t\t\t\t\t\t\t\t\t\t\t<\/div>\n\t\t\t\t<\/div>\n\t\t\t\t<\/div>\n\t\t<div class=\"elementor-element elementor-element-1352a24 e-con-full e-flex e-con e-child\" data-id=\"1352a24\" data-element_type=\"container\" data-e-type=\"container\">\n\t\t\t\t<div class=\"elementor-element elementor-element-f1a4fec elementor-cta--layout-image-right elementor-cta--valign-middle elementor-cta--mobile-layout-image-above elementor-widget__width-initial elementor-widget-tablet__width-inherit elementor-cta--skin-classic elementor-animated-content elementor-bg-transform elementor-bg-transform-zoom-in elementor-widget elementor-widget-call-to-action\" data-id=\"f1a4fec\" data-element_type=\"widget\" data-e-type=\"widget\" data-widget_type=\"call-to-action.default\">\n\t\t\t\t<div class=\"elementor-widget-container\">\n\t\t\t\t\t\t\t<div class=\"elementor-cta\">\n\t\t\t\t\t\t\t<div class=\"elementor-cta__content\">\n\t\t\t\t\n\t\t\t\t\t\t\t\t\t<div class=\"elementor-cta__title elementor-cta__content-item elementor-content-item\">\n\t\t\t\t\t\tDesign\t\t\t\t\t<\/div>\n\t\t\t\t\n\t\t\t\t\t\t\t\t\t<div class=\"elementor-cta__description elementor-cta__content-item elementor-content-item\">\n\t\t\t\t\t\tDesign, Hosting &amp; Programmierung:<br>\nStudio Creation<br>\nSch\u00f6lzhorn &amp; Hohenegger<br>\nI-39049 Sterzing (BZ)<br>\n<a href=\"https:\/\/studio-creation.it\" target=\"_blank\">www.studio-creation.it<\/a>\t\t\t\t\t<\/div>\n\t\t\t\t\n\t\t\t\t\t\t\t<\/div>\n\t\t\t\t\t\t<\/div>\n\t\t\t\t\t\t<\/div>\n\t\t\t\t<\/div>\n\t\t\t\t<\/div>\n\t\t\t\t\t<\/div>\n\t\t\t\t<\/div>\n\t\t<div class=\"elementor-element elementor-element-0313ea5 e-flex e-con-boxed e-con e-parent\" data-id=\"0313ea5\" data-element_type=\"container\" data-e-type=\"container\">\n\t\t\t\t\t<div class=\"e-con-inner\">\n\t\t<div class=\"elementor-element elementor-element-66ae829 e-con-full e-flex e-con e-child\" data-id=\"66ae829\" data-element_type=\"container\" data-e-type=\"container\">\n\t\t\t\t<div class=\"elementor-element elementor-element-1311752 elementor-widget__width-initial elementor-widget-tablet__width-inherit elementor-widget elementor-widget-toggle\" data-id=\"1311752\" data-element_type=\"widget\" data-e-type=\"widget\" data-widget_type=\"toggle.default\">\n\t\t\t\t<div class=\"elementor-widget-container\">\n\t\t\t\t\t\t\t<div class=\"elementor-toggle\">\n\t\t\t\t\t\t\t<div class=\"elementor-toggle-item\">\n\t\t\t\t\t<h4 id=\"elementor-tab-title-1991\" class=\"elementor-tab-title\" data-tab=\"1\" role=\"button\" aria-controls=\"elementor-tab-content-1991\" aria-expanded=\"false\">\n\t\t\t\t\t\t\t\t\t\t\t\t<span class=\"elementor-toggle-icon elementor-toggle-icon-right\" aria-hidden=\"true\">\n\t\t\t\t\t\t\t\t\t\t\t\t\t\t\t<span class=\"elementor-toggle-icon-closed\"><svg xmlns=\"http:\/\/www.w3.org\/2000\/svg\" id=\"b159ff04-3740-4ac3-96cc-b414ded50b3a\" data-name=\"Layer 1\" width=\"16\" height=\"16\" viewBox=\"0 0 16 16\"><polygon points=\"8.39 7.64 8.39 0 7.61 0 7.61 7.64 0 7.64 0 8.4 7.61 8.4 7.61 16 8.39 16 8.39 8.4 16 8.4 16 7.64 8.39 7.64\"><\/polygon><\/svg><\/span>\n\t\t\t\t\t\t\t\t<span class=\"elementor-toggle-icon-opened\"><svg xmlns=\"http:\/\/www.w3.org\/2000\/svg\" id=\"adf49d60-5815-4ece-8d49-00a021de5c06\" data-name=\"Layer 1\" width=\"16\" height=\"16\" viewBox=\"0 0 16 16\"><rect width=\"16\" height=\"16\" style=\"opacity:0\"><\/rect><rect y=\"7.64\" width=\"16\" height=\"0.76\"><\/rect><\/svg><\/span>\n\t\t\t\t\t\t\t\t\t\t\t\t\t<\/span>\n\t\t\t\t\t\t\t\t\t\t\t\t<a class=\"elementor-toggle-title\" tabindex=\"0\">Kartenreservierungen<\/a>\n\t\t\t\t\t<\/h4>\n\n\t\t\t\t\t<div id=\"elementor-tab-content-1991\" class=\"elementor-tab-content elementor-clearfix\" data-tab=\"1\" role=\"region\" aria-labelledby=\"elementor-tab-title-1991\"><p>Da die Platzkapazit\u00e4ten in den historischen R\u00e4umen begrenzt sind, m\u00f6chten wir Ihnen unbedingt empfehlen, vom Kartenvorverkauf Gebrauch zu machen.<br \/>Ihre E-Mail-Adresse wird in unseren Newsletter-Verteiler aufgenommen.<\/p><p><strong>Die Abendkasse<\/strong> ist jeweils eine Stunde vor Beginn ge\u00f6ffnet. Telefonisch bestellte Karten werden zur\u00fcckgelegt und k\u00f6nnen im Tourismusverein oder bis sp\u00e4t. 30 Min. vor Auff\u00fchrungsbeginn am jeweiligen Veranstaltungsort abgeholt werden.<\/p><p>Im Zuge Ihrer Online-Buchug wird Ihre E-Mail-Adresse automatisch in unseren Newsletter-Verteiler aufgenommen.<\/p><\/div>\n\t\t\t\t<\/div>\n\t\t\t\t\t\t\t<div class=\"elementor-toggle-item\">\n\t\t\t\t\t<h4 id=\"elementor-tab-title-1992\" class=\"elementor-tab-title\" data-tab=\"2\" role=\"button\" aria-controls=\"elementor-tab-content-1992\" aria-expanded=\"false\">\n\t\t\t\t\t\t\t\t\t\t\t\t<span class=\"elementor-toggle-icon elementor-toggle-icon-right\" aria-hidden=\"true\">\n\t\t\t\t\t\t\t\t\t\t\t\t\t\t\t<span class=\"elementor-toggle-icon-closed\"><svg xmlns=\"http:\/\/www.w3.org\/2000\/svg\" id=\"b159ff04-3740-4ac3-96cc-b414ded50b3a\" data-name=\"Layer 1\" width=\"16\" height=\"16\" viewBox=\"0 0 16 16\"><polygon points=\"8.39 7.64 8.39 0 7.61 0 7.61 7.64 0 7.64 0 8.4 7.61 8.4 7.61 16 8.39 16 8.39 8.4 16 8.4 16 7.64 8.39 7.64\"><\/polygon><\/svg><\/span>\n\t\t\t\t\t\t\t\t<span class=\"elementor-toggle-icon-opened\"><svg xmlns=\"http:\/\/www.w3.org\/2000\/svg\" id=\"adf49d60-5815-4ece-8d49-00a021de5c06\" data-name=\"Layer 1\" width=\"16\" height=\"16\" viewBox=\"0 0 16 16\"><rect width=\"16\" height=\"16\" style=\"opacity:0\"><\/rect><rect y=\"7.64\" width=\"16\" height=\"0.76\"><\/rect><\/svg><\/span>\n\t\t\t\t\t\t\t\t\t\t\t\t\t<\/span>\n\t\t\t\t\t\t\t\t\t\t\t\t<a class=\"elementor-toggle-title\" tabindex=\"0\">Urheberrecht<\/a>\n\t\t\t\t\t<\/h4>\n\n\t\t\t\t\t<div id=\"elementor-tab-content-1992\" class=\"elementor-tab-content elementor-clearfix\" data-tab=\"2\" role=\"region\" aria-labelledby=\"elementor-tab-title-1992\"><p>Das Urheberrecht an den Inhalten dieser Webseite oder an Teilen davon liegt beim Vigil Raber Kuratorium oder bei demjenigen, dem das Vigil Raber Kuratorium ein entsprechendes Nutzungsrecht einr\u00e4umt. Jede umfangreichere Vervielf\u00e4ltigung, \u00dcbertragung oder Verbreitung der Inhalte der Webseite ist ohne ausdr\u00fcckliche Einwilligung untersagt.<\/p><p>Diese Webseite enth\u00e4lt Verkn\u00fcpfungen zu Webseiten Dritter (\u201cexterne Links\u201d), um deren Aktualit\u00e4t, Richtigkeit und Vollst\u00e4ndigkeit zu gew\u00e4hrleisten, wurden s\u00e4mtliche Anstrengungen unternommen. Das Vigil Raber Kuratorium hat weder Einfluss auf die derzeitige oder k\u00fcnftige Gestaltung noch auf die Inhalte der verkn\u00fcpften Seiten. Das Setzen von externen Links bedeutet nicht, dass sich das Vigil Raber Kuratorium die hinter dem externen Link liegenden Inhalte zu Eigen macht. Dementsprechend wird jegliche Haftung im Zusammenhang mit der Nutzung der externen Links ausgeschlossen.<\/p><\/div>\n\t\t\t\t<\/div>\n\t\t\t\t\t\t\t<div class=\"elementor-toggle-item\">\n\t\t\t\t\t<h4 id=\"elementor-tab-title-1993\" class=\"elementor-tab-title\" data-tab=\"3\" role=\"button\" aria-controls=\"elementor-tab-content-1993\" aria-expanded=\"false\">\n\t\t\t\t\t\t\t\t\t\t\t\t<span class=\"elementor-toggle-icon elementor-toggle-icon-right\" aria-hidden=\"true\">\n\t\t\t\t\t\t\t\t\t\t\t\t\t\t\t<span class=\"elementor-toggle-icon-closed\"><svg xmlns=\"http:\/\/www.w3.org\/2000\/svg\" id=\"b159ff04-3740-4ac3-96cc-b414ded50b3a\" data-name=\"Layer 1\" width=\"16\" height=\"16\" viewBox=\"0 0 16 16\"><polygon points=\"8.39 7.64 8.39 0 7.61 0 7.61 7.64 0 7.64 0 8.4 7.61 8.4 7.61 16 8.39 16 8.39 8.4 16 8.4 16 7.64 8.39 7.64\"><\/polygon><\/svg><\/span>\n\t\t\t\t\t\t\t\t<span class=\"elementor-toggle-icon-opened\"><svg xmlns=\"http:\/\/www.w3.org\/2000\/svg\" id=\"adf49d60-5815-4ece-8d49-00a021de5c06\" data-name=\"Layer 1\" width=\"16\" height=\"16\" viewBox=\"0 0 16 16\"><rect width=\"16\" height=\"16\" style=\"opacity:0\"><\/rect><rect y=\"7.64\" width=\"16\" height=\"0.76\"><\/rect><\/svg><\/span>\n\t\t\t\t\t\t\t\t\t\t\t\t\t<\/span>\n\t\t\t\t\t\t\t\t\t\t\t\t<a class=\"elementor-toggle-title\" tabindex=\"0\">Datenschutz<\/a>\n\t\t\t\t\t<\/h4>\n\n\t\t\t\t\t<div id=\"elementor-tab-content-1993\" class=\"elementor-tab-content elementor-clearfix\" data-tab=\"3\" role=\"region\" aria-labelledby=\"elementor-tab-title-1993\"><p>Angebote und Dienste auf unserer Webseite sind zur anonymen Benutzung vorgesehen. Bei Ihrem Zugriff auf unsere Webseite werden keine personenbezogenen Aufzeichnungen \u00fcber Ihre Nutzung erzeugt, sondern lediglich anonyme Daten gespeichert. Kundendaten werden im Sinne des Gesetzesdekrets Nr. 196\/2003 behandelt und lediglich zur Bearbeitung des mit der Anfrage verbundenen Sachverhalts verwendet. Die Daten werden in schriftlicher oder magnetischer\/elektronischer Form und unter Einhaltung aller Sicherheitsma\u00dfnahmen behandelt. Ohne ausdr\u00fccklichen Einwilligung werden die Daten nicht an Dritte \u00fcbermitteln.<\/p><p>Zur \u00dcbermittlung pers\u00f6nlicher Daten jeglicher Art an das Vigil Raber Kuratorium ist der Kunde nicht verpflichtet. Das Vigil Raber Kuratorium kann aber ohne Kundendaten die Anfrage nicht beantworten und keine entsprechende Leistung erbringen. Das Vigil Raber Kuratorium garantiert, dass die eingegebenen Informationen vertraulich behandelt werden.<\/p><\/div>\n\t\t\t\t<\/div>\n\t\t\t\t\t\t\t<div class=\"elementor-toggle-item\">\n\t\t\t\t\t<h4 id=\"elementor-tab-title-1994\" class=\"elementor-tab-title\" data-tab=\"4\" role=\"button\" aria-controls=\"elementor-tab-content-1994\" aria-expanded=\"false\">\n\t\t\t\t\t\t\t\t\t\t\t\t<span class=\"elementor-toggle-icon elementor-toggle-icon-right\" aria-hidden=\"true\">\n\t\t\t\t\t\t\t\t\t\t\t\t\t\t\t<span class=\"elementor-toggle-icon-closed\"><svg xmlns=\"http:\/\/www.w3.org\/2000\/svg\" id=\"b159ff04-3740-4ac3-96cc-b414ded50b3a\" data-name=\"Layer 1\" width=\"16\" height=\"16\" viewBox=\"0 0 16 16\"><polygon points=\"8.39 7.64 8.39 0 7.61 0 7.61 7.64 0 7.64 0 8.4 7.61 8.4 7.61 16 8.39 16 8.39 8.4 16 8.4 16 7.64 8.39 7.64\"><\/polygon><\/svg><\/span>\n\t\t\t\t\t\t\t\t<span class=\"elementor-toggle-icon-opened\"><svg xmlns=\"http:\/\/www.w3.org\/2000\/svg\" id=\"adf49d60-5815-4ece-8d49-00a021de5c06\" data-name=\"Layer 1\" width=\"16\" height=\"16\" viewBox=\"0 0 16 16\"><rect width=\"16\" height=\"16\" style=\"opacity:0\"><\/rect><rect y=\"7.64\" width=\"16\" height=\"0.76\"><\/rect><\/svg><\/span>\n\t\t\t\t\t\t\t\t\t\t\t\t\t<\/span>\n\t\t\t\t\t\t\t\t\t\t\t\t<a class=\"elementor-toggle-title\" tabindex=\"0\">Cookies<\/a>\n\t\t\t\t\t<\/h4>\n\n\t\t\t\t\t<div id=\"elementor-tab-content-1994\" class=\"elementor-tab-content elementor-clearfix\" data-tab=\"4\" role=\"region\" aria-labelledby=\"elementor-tab-title-1994\"><p><strong>Was ist ein HTTP Cookie?<\/strong><br \/>Ein HTTP Cookie, auch nur Cookie genannt, ist in seiner wesenhaften Form eine Textdatei welche sich auf einem Rechner befindet. Sie enth\u00e4lt \u00fcblicherweise Daten \u00fcber besuchte Webseiten, welche die Browser-Software beim Surfen im Netz ohne Aufruf speichert. Wenn ein Anwender des \u00d6fteren eine verschl\u00fcsselte Internetseite besucht, muss dieser dank eines Cookies sich nicht mehr jedes Mal erneut anmelden. Die Internetseite erh\u00e4lt die Information vom Cookie, dass der Anwender die Seite bereits besucht hat. Ein Cookie kann auch Informationen \u00fcber verwickeltes und privates Internetverhalten aufnehmen und diese ohne Einverst\u00e4ndnis an andere Adressen weiterleiten. Das Cookie ist vom Verwender jederzeit pr\u00fcfbar und auch l\u00f6schbar, da dieses sichtbar ist. Durch ein Cookie m\u00fcssen Sie somit nicht jedes einzelne Mal dieselben Informationen auf derselben Internetseite eingeben.<\/p><p><strong>Warum nutzt www.osterspiele.it Cookies?<\/strong><br \/>Um Ihnen eine bestm\u00f6gliche, zugeschnittene Surferfahrung zu bieten, verwendet www.osterspiele.it Cookies. Durch deren Verwendung kann www.osterspiele.it gew\u00e4hrleisten, dass Ihnen dieselben Nachrichten nicht immer und immer wieder erscheinen, wenn Sie die Homepage erneut besuchen. Cookies helfen auch bei der Umgestaltung der Performance einer Homepage. Damit Ihre pers\u00f6nlichen Angaben gesch\u00fctzt werden und auch um Informationsverlust oder illegales Benehmen zu meiden, verwendet www.osterspiele.it angemessene organisatorische und technische Handlungen.<\/p><p><strong>Wie kann ich Cookies deaktivieren?<\/strong><br \/>Falls Sie die Cookies sperren oder entfernen wollen k\u00f6nnen Sie dies ganz einfach in den Interneteinstellungen durchf\u00fchren. Zur Organisation von Cookies erm\u00f6glichen Ihnen die meisten Browser, die Cookies an-oder abzulehnen bzw. nur einige Arten von Cookies anzunehmen. In der Hilfe-Funktion eines jeden Browsers finden Sie die Vorgangsweise zur Verwaltung und Entfernung der Cookies.<\/p><p>Sollten Sie die Verwendung von Cookies eingrenzen, k\u00f6nnen Sie nicht alle interaktiven Funktionen unserer Homepage www.osterspiele.it n\u00fctzen.<\/p><\/div>\n\t\t\t\t<\/div>\n\t\t\t\t\t\t\t<div class=\"elementor-toggle-item\">\n\t\t\t\t\t<h4 id=\"elementor-tab-title-1995\" class=\"elementor-tab-title\" data-tab=\"5\" role=\"button\" aria-controls=\"elementor-tab-content-1995\" aria-expanded=\"false\">\n\t\t\t\t\t\t\t\t\t\t\t\t<span class=\"elementor-toggle-icon elementor-toggle-icon-right\" aria-hidden=\"true\">\n\t\t\t\t\t\t\t\t\t\t\t\t\t\t\t<span class=\"elementor-toggle-icon-closed\"><svg xmlns=\"http:\/\/www.w3.org\/2000\/svg\" id=\"b159ff04-3740-4ac3-96cc-b414ded50b3a\" data-name=\"Layer 1\" width=\"16\" height=\"16\" viewBox=\"0 0 16 16\"><polygon points=\"8.39 7.64 8.39 0 7.61 0 7.61 7.64 0 7.64 0 8.4 7.61 8.4 7.61 16 8.39 16 8.39 8.4 16 8.4 16 7.64 8.39 7.64\"><\/polygon><\/svg><\/span>\n\t\t\t\t\t\t\t\t<span class=\"elementor-toggle-icon-opened\"><svg xmlns=\"http:\/\/www.w3.org\/2000\/svg\" id=\"adf49d60-5815-4ece-8d49-00a021de5c06\" data-name=\"Layer 1\" width=\"16\" height=\"16\" viewBox=\"0 0 16 16\"><rect width=\"16\" height=\"16\" style=\"opacity:0\"><\/rect><rect y=\"7.64\" width=\"16\" height=\"0.76\"><\/rect><\/svg><\/span>\n\t\t\t\t\t\t\t\t\t\t\t\t\t<\/span>\n\t\t\t\t\t\t\t\t\t\t\t\t<a class=\"elementor-toggle-title\" tabindex=\"0\">\u00d6ffentliche Zuwendungen<\/a>\n\t\t\t\t\t<\/h4>\n\n\t\t\t\t\t<div id=\"elementor-tab-content-1995\" class=\"elementor-tab-content elementor-clearfix\" data-tab=\"5\" role=\"region\" aria-labelledby=\"elementor-tab-title-1995\"><div class=\"textwidget\"><p>\u00a0<\/p><p><strong>Stadtgemeinde Sterzing<br \/><\/strong>Kulturbeitrag 2024 \u20ac 13.630.-<br \/>Kulturbeitrag 2023 \u20ac 4.500.-<strong><br \/><\/strong>Kulturbeitrag 2019 \u20ac 15.000.-<br \/>Kulturbeitrag 2018 \u20ac 15.000<\/p><p><strong>Autonome Provinz Bozen<br \/><\/strong>Kulturbeitrag 2024 \u20ac\u00a0 9.000.-<br \/>Kulturbeitrag 2023 \u20ac\u00a0 7.900.-<br \/>Kulturbeitrag 2022 \u20ac\u00a0 6.300.-<br \/>Kulturbeitrag 2021 \u20ac\u00a0 700.-<br \/>Kulturbeitrag 2020 \u20ac\u00a0 7.000.-<br \/>Kulturbeitrag 2019 \u20ac\u00a0 6.300.-<\/p><p><strong>Bezirksgemeinschaft Wipptal<br \/><\/strong>Kulturbeitrag 2024 \u20ac\u00a0 2.000.-<\/p><\/div><\/div>\n\t\t\t\t<\/div>\n\t\t\t\t\t\t\t\t<\/div>\n\t\t\t\t\t\t<\/div>\n\t\t\t\t<\/div>\n\t\t\t\t<\/div>\n\t\t\t\t\t<\/div>\n\t\t\t\t<\/div>\n\t\t\t\t<\/div>\n\t\t","protected":false},"excerpt":{"rendered":"<p>Impressum Impressum &#038; Privacy Verwantwortlich Vigil Raber Kuratorium I-39049 Sterzing (BZ) Email: info@osterspiele.it Info-Tel.: 0472 765 325 Steuernummer: 92043920211 Design Design, Hosting &#038; Programmierung: Studio Creation Sch\u00f6lzhorn &#038; Hohenegger I-39049 Sterzing (BZ) www.studio-creation.it Kartenreservierungen Da die Platzkapazit\u00e4ten in den historischen R\u00e4umen begrenzt sind, m\u00f6chten wir Ihnen unbedingt empfehlen, vom Kartenvorverkauf Gebrauch zu machen.Ihre E-Mail-Adresse wird [&hellip;]<\/p>\n","protected":false},"author":1,"featured_media":0,"parent":0,"menu_order":0,"comment_status":"closed","ping_status":"closed","template":"elementor_header_footer","meta":{"_mo_disable_npp":"","ngg_post_thumbnail":0,"footnotes":""},"categories":[],"tags":[],"class_list":["post-4187","page","type-page","status-publish","hentry"],"publishpress_future_action":{"enabled":false,"date":"2026-04-23 10:43:27","action":"change-status","newStatus":"draft","terms":[],"taxonomy":"category","extraData":[]},"publishpress_future_workflow_manual_trigger":{"enabledWorkflows":[]},"_links":{"self":[{"href":"https:\/\/osterspiele.it\/sterzing\/wp-json\/wp\/v2\/pages\/4187","targetHints":{"allow":["GET"]}}],"collection":[{"href":"https:\/\/osterspiele.it\/sterzing\/wp-json\/wp\/v2\/pages"}],"about":[{"href":"https:\/\/osterspiele.it\/sterzing\/wp-json\/wp\/v2\/types\/page"}],"author":[{"embeddable":true,"href":"https:\/\/osterspiele.it\/sterzing\/wp-json\/wp\/v2\/users\/1"}],"replies":[{"embeddable":true,"href":"https:\/\/osterspiele.it\/sterzing\/wp-json\/wp\/v2\/comments?post=4187"}],"version-history":[{"count":122,"href":"https:\/\/osterspiele.it\/sterzing\/wp-json\/wp\/v2\/pages\/4187\/revisions"}],"predecessor-version":[{"id":5036,"href":"https:\/\/osterspiele.it\/sterzing\/wp-json\/wp\/v2\/pages\/4187\/revisions\/5036"}],"wp:attachment":[{"href":"https:\/\/osterspiele.it\/sterzing\/wp-json\/wp\/v2\/media?parent=4187"}],"wp:term":[{"taxonomy":"category","embeddable":true,"href":"https:\/\/osterspiele.it\/sterzing\/wp-json\/wp\/v2\/categories?post=4187"},{"taxonomy":"post_tag","embeddable":true,"href":"https:\/\/osterspiele.it\/sterzing\/wp-json\/wp\/v2\/tags?post=4187"}],"curies":[{"name":"wp","href":"https:\/\/api.w.org\/{rel}","templated":true}]}}