{"id":3511,"date":"2025-02-27T17:12:21","date_gmt":"2025-02-27T15:12:21","guid":{"rendered":"https:\/\/osterspiele.it\/sterzing\/contact-us\/"},"modified":"2026-04-01T16:19:13","modified_gmt":"2026-04-01T15:19:13","slug":"kartenreservierung","status":"publish","type":"page","link":"https:\/\/osterspiele.it\/sterzing\/kartenreservierung\/","title":{"rendered":"Karten"},"content":{"rendered":"\t\t<div data-elementor-type=\"wp-page\" data-elementor-id=\"3511\" class=\"elementor elementor-3511\" data-elementor-post-type=\"page\">\n\t\t\t\t<div class=\"elementor-element elementor-element-24c16cf6 e-flex e-con-boxed e-con e-parent\" data-id=\"24c16cf6\" data-element_type=\"container\" data-e-type=\"container\">\n\t\t\t\t\t<div class=\"e-con-inner\">\n\t\t<div class=\"elementor-element elementor-element-71f79242 e-con-full e-flex e-con e-child\" data-id=\"71f79242\" data-element_type=\"container\" data-e-type=\"container\">\n\t\t\t\t<div class=\"elementor-element elementor-element-4083a1f8 elementor-invisible elementor-widget elementor-widget-heading\" data-id=\"4083a1f8\" data-element_type=\"widget\" data-e-type=\"widget\" data-settings=\"{&quot;_animation&quot;:&quot;fadeIn&quot;}\" data-widget_type=\"heading.default\">\n\t\t\t\t<div class=\"elementor-widget-container\">\n\t\t\t\t\t<h2 class=\"elementor-heading-title elementor-size-default\">Karten<\/h2>\t\t\t\t<\/div>\n\t\t\t\t<\/div>\n\t\t\t\t<div class=\"elementor-element elementor-element-6eec4499 elementor-widget elementor-widget-text-editor\" data-id=\"6eec4499\" data-element_type=\"widget\" data-e-type=\"widget\" data-widget_type=\"text-editor.default\">\n\t\t\t\t<div class=\"elementor-widget-container\">\n\t\t\t\t\t\t\t\t\t<p><strong>Telefonische Reservierungen:<\/strong><br \/>Tourismusverein Sterzing, Tel. 0472 765 325.<\/p>\t\t\t\t\t\t\t\t<\/div>\n\t\t\t\t<\/div>\n\t\t\t\t<\/div>\n\t\t<div class=\"elementor-element elementor-element-0f2a364 e-con-full e-flex e-con e-child\" data-id=\"0f2a364\" data-element_type=\"container\" data-e-type=\"container\">\n\t\t\t\t<div class=\"elementor-element elementor-element-a9f35c7 elementor-widget elementor-widget-text-editor\" data-id=\"a9f35c7\" data-element_type=\"widget\" data-e-type=\"widget\" data-widget_type=\"text-editor.default\">\n\t\t\t\t<div class=\"elementor-widget-container\">\n\t\t\t\t\t\t\t\t\t<p>Reservieren Sie Ihre Karten bequem und einfach online! Ihre Vorbestellung wird von uns noch schriftlich r\u00fcckbest\u00e4tigt. Erst dann ist die Reservierung g\u00fcltig!<\/p><p>Da die Platzkapazit\u00e4ten in den historischen R\u00e4umen begrenzt sind, m\u00f6chten wir Ihnen unbedingt empfehlen, vom Kartenvorverkauf Gebrauch zu machen.<\/p>\t\t\t\t\t\t\t\t<\/div>\n\t\t\t\t<\/div>\n\t\t\t\t<\/div>\n\t\t\t\t\t<\/div>\n\t\t\t\t<\/div>\n\t\t<div class=\"elementor-element elementor-element-2696f443 e-flex e-con-boxed e-con e-parent\" data-id=\"2696f443\" data-element_type=\"container\" data-e-type=\"container\">\n\t\t\t\t\t<div class=\"e-con-inner\">\n\t\t<div class=\"elementor-element elementor-element-11889d7b e-con-full e-flex e-con e-child\" data-id=\"11889d7b\" data-element_type=\"container\" data-e-type=\"container\" data-settings=\"{&quot;background_background&quot;:&quot;classic&quot;}\">\n\t\t\t\t<div class=\"elementor-element elementor-element-de400a4 elementor-widget elementor-widget-image\" data-id=\"de400a4\" data-element_type=\"widget\" data-e-type=\"widget\" data-widget_type=\"image.default\">\n\t\t\t\t<div class=\"elementor-widget-container\">\n\t\t\t\t\t\t\t\t\t\t\t\t\t\t\t<img fetchpriority=\"high\" decoding=\"async\" width=\"359\" height=\"1831\" src=\"https:\/\/osterspiele.it\/sterzing\/wp-content\/uploads\/2026\/02\/collage-vertikal.jpg\" class=\"attachment-full size-full wp-image-5198\" alt=\"\" srcset=\"https:\/\/osterspiele.it\/sterzing\/wp-content\/uploads\/2026\/02\/collage-vertikal.jpg 359w, https:\/\/osterspiele.it\/sterzing\/wp-content\/uploads\/2026\/02\/collage-vertikal-59x300.jpg 59w, https:\/\/osterspiele.it\/sterzing\/wp-content\/uploads\/2026\/02\/collage-vertikal-201x1024.jpg 201w, https:\/\/osterspiele.it\/sterzing\/wp-content\/uploads\/2026\/02\/collage-vertikal-39x200.jpg 39w, https:\/\/osterspiele.it\/sterzing\/wp-content\/uploads\/2026\/02\/collage-vertikal-301x1536.jpg 301w\" sizes=\"(max-width: 359px) 100vw, 359px\" \/>\t\t\t\t\t\t\t\t\t\t\t\t\t\t\t<\/div>\n\t\t\t\t<\/div>\n\t\t\t\t<\/div>\n\t\t<div class=\"elementor-element elementor-element-6d81f5d7 e-con-full e-flex e-con e-child\" data-id=\"6d81f5d7\" data-element_type=\"container\" data-e-type=\"container\">\n\t\t\t\t<div class=\"elementor-element elementor-element-677e451 elementor-widget elementor-widget-spacer\" data-id=\"677e451\" data-element_type=\"widget\" data-e-type=\"widget\" data-widget_type=\"spacer.default\">\n\t\t\t\t<div class=\"elementor-widget-container\">\n\t\t\t\t\t\t\t<div class=\"elementor-spacer\">\n\t\t\t<div class=\"elementor-spacer-inner\"><\/div>\n\t\t<\/div>\n\t\t\t\t\t\t<\/div>\n\t\t\t\t<\/div>\n\t\t\t\t<div class=\"elementor-element elementor-element-43e9eb0 elementor-widget elementor-widget-text-editor\" data-id=\"43e9eb0\" data-element_type=\"widget\" data-e-type=\"widget\" data-widget_type=\"text-editor.default\">\n\t\t\t\t<div class=\"elementor-widget-container\">\n\t\t\t\t\t\t\t\t\t<p><strong>Veranstalter<\/strong><\/p><p>Vigil-Raber-Kuratorium<br \/>39049 Sterzing<br \/>Info-Tel.: 0472 765 325<br \/>\u00bb <a href=\"mailto:info@osterspiele.it\">info@osterspiele.it<\/a><\/p><p><strong>Die Abendkasse<br \/><\/strong>\u2026 ist jeweils eine Stunde vor Beginn ge\u00f6ffnet.<\/p><p>Telefonisch oder online bestellte Karten k\u00f6nnen bis sp\u00e4t. 30 Min. vor Auff\u00fchrungsbeginn am jeweiligen Veranstaltungsort abgeholt werden.<\/p>\t\t\t\t\t\t\t\t<\/div>\n\t\t\t\t<\/div>\n\t\t\t\t<div class=\"elementor-element elementor-element-b866553 elementor-widget elementor-widget-shortcode\" data-id=\"b866553\" data-element_type=\"widget\" data-e-type=\"widget\" data-widget_type=\"shortcode.default\">\n\t\t\t\t<div class=\"elementor-widget-container\">\n\t\t\t\t\t\t\t<div class=\"elementor-shortcode\"><div class=\"lshowcase-clear-both\">&nbsp;<\/div><div class=\"lshowcase-logos\"><div style='display:none;' class='lshowcase-wrap-carousel-0' ><div class=\"lshowcase-slide\"><a href='https:\/\/www.sterzing.com' target='_blank'><img src='https:\/\/osterspiele.it\/sterzing\/wp-content\/uploads\/2015\/02\/logo-sterzing-de-200x83.png' width='200'  height = '83'  alt='Tourismusverein Sterzing' title='Tourismusverein Sterzing' class='lshowcase-normal' \/><\/a><\/div><div class=\"lshowcase-slide\"><a href='http:\/\/www.jugenddienst.it\/Jugenddienst_Wipptal_Home.html' target='_blank'><img src='https:\/\/osterspiele.it\/sterzing\/wp-content\/uploads\/2015\/02\/jugenddienst-200x76.png' width='200'  height = '76'  alt='Jugenddienst Wipptal' title='Jugenddienst Wipptal' class='lshowcase-normal' \/><\/a><\/div><div class=\"lshowcase-slide\"><a href='https:\/\/studio-creation.it' target='_blank'><img src='https:\/\/osterspiele.it\/sterzing\/wp-content\/uploads\/2015\/02\/creation-200x76.png' width='200'  height = '76'  alt='Werbeagentur S\u00fcdtirol: Studio Creation' title='Werbeagentur Studio Creation' class='lshowcase-normal' \/><\/a><\/div><div class=\"lshowcase-slide\"><a href='http:\/\/www.sterzing.eu' target='_blank'><img src='https:\/\/osterspiele.it\/sterzing\/wp-content\/uploads\/2015\/02\/stadt-sterzing-200x76.png' width='200'  height = '76'  alt='Stadtgemeinde Sterzing' title='Stadtgemeinde Sterzing' class='lshowcase-normal' \/><\/a><\/div><div class=\"lshowcase-slide\"><a href='http:\/\/www.provinz.bz.it\/kulturabteilung\/' target='_blank'><img src='https:\/\/osterspiele.it\/sterzing\/wp-content\/uploads\/2015\/02\/autonome-provinz-200x76.png' width='200'  height = '76'  alt='S\u00fcdtiroler Landesregierung' title='S\u00fcdtiroler Landesregierung' class='lshowcase-normal' \/><\/a><\/div><div class=\"lshowcase-slide\"><a href='http:\/\/www.raiffeisen.it\/wipptal.html' target='_blank'><img src='https:\/\/osterspiele.it\/sterzing\/wp-content\/uploads\/2015\/02\/raika-logo-2025-200x76.png' width='200'  height = '76'  alt='Raiffeisenkasse Wipptal' title='Raiffeisenkasse Wipptal' class='lshowcase-normal' \/><\/a><\/div><div class=\"lshowcase-slide\"><a href='https:\/\/www.wipptal.org' target='_blank'><img src='https:\/\/osterspiele.it\/sterzing\/wp-content\/uploads\/2015\/02\/bzw-wipptal-200x76.png' width='200'  height = '76'  alt='Berzirksgemeinschaft Wipptal' title='Berzirksgemeinschaft Wipptal' class='lshowcase-normal' \/><\/a><\/div><\/div><\/div><div class=\"lshowcase-clear-both\">&nbsp;<\/div><\/div>\n\t\t\t\t\t\t<\/div>\n\t\t\t\t<\/div>\n\t\t\t\t<\/div>\n\t\t\t\t\t<\/div>\n\t\t\t\t<\/div>\n\t\t\t\t<\/div>\n\t\t","protected":false},"excerpt":{"rendered":"<p>Karten Telefonische Reservierungen:Tourismusverein Sterzing, Tel. 0472 765 325. Reservieren Sie Ihre Karten bequem und einfach online! Ihre Vorbestellung wird von uns noch schriftlich r\u00fcckbest\u00e4tigt. Erst dann ist die Reservierung g\u00fcltig! Da die Platzkapazit\u00e4ten in den historischen R\u00e4umen begrenzt sind, m\u00f6chten wir Ihnen unbedingt empfehlen, vom Kartenvorverkauf Gebrauch zu machen. Veranstalter Vigil-Raber-Kuratorium39049 SterzingInfo-Tel.: 0472 765 325\u00bb [&hellip;]<\/p>\n","protected":false},"author":1,"featured_media":3696,"parent":0,"menu_order":0,"comment_status":"closed","ping_status":"closed","template":"elementor_header_footer","meta":{"_mo_disable_npp":"","ngg_post_thumbnail":0,"footnotes":""},"categories":[],"tags":[],"class_list":["post-3511","page","type-page","status-publish","has-post-thumbnail","hentry"],"publishpress_future_action":{"enabled":false,"date":"2026-04-25 15:15:17","action":"change-status","newStatus":"draft","terms":[],"taxonomy":"category","extraData":[]},"publishpress_future_workflow_manual_trigger":{"enabledWorkflows":[]},"_links":{"self":[{"href":"https:\/\/osterspiele.it\/sterzing\/wp-json\/wp\/v2\/pages\/3511","targetHints":{"allow":["GET"]}}],"collection":[{"href":"https:\/\/osterspiele.it\/sterzing\/wp-json\/wp\/v2\/pages"}],"about":[{"href":"https:\/\/osterspiele.it\/sterzing\/wp-json\/wp\/v2\/types\/page"}],"author":[{"embeddable":true,"href":"https:\/\/osterspiele.it\/sterzing\/wp-json\/wp\/v2\/users\/1"}],"replies":[{"embeddable":true,"href":"https:\/\/osterspiele.it\/sterzing\/wp-json\/wp\/v2\/comments?post=3511"}],"version-history":[{"count":137,"href":"https:\/\/osterspiele.it\/sterzing\/wp-json\/wp\/v2\/pages\/3511\/revisions"}],"predecessor-version":[{"id":5269,"href":"https:\/\/osterspiele.it\/sterzing\/wp-json\/wp\/v2\/pages\/3511\/revisions\/5269"}],"wp:featuredmedia":[{"embeddable":true,"href":"https:\/\/osterspiele.it\/sterzing\/wp-json\/wp\/v2\/media\/3696"}],"wp:attachment":[{"href":"https:\/\/osterspiele.it\/sterzing\/wp-json\/wp\/v2\/media?parent=3511"}],"wp:term":[{"taxonomy":"category","embeddable":true,"href":"https:\/\/osterspiele.it\/sterzing\/wp-json\/wp\/v2\/categories?post=3511"},{"taxonomy":"post_tag","embeddable":true,"href":"https:\/\/osterspiele.it\/sterzing\/wp-json\/wp\/v2\/tags?post=3511"}],"curies":[{"name":"wp","href":"https:\/\/api.w.org\/{rel}","templated":true}]}}